 prime factors of 224373.
3, 29, 2579
What are the prime factors of 64320?
2, 3, 5, 67
List the prime factors of 1540841.
1540841
What are the prime factors of 162257?
162257
What are the prime factors of 32662?
2, 7, 2333
List the prime factors of 28764094.
2, 31, 47, 9871
What are the prime factors of 4518809?
29, 155821
What are the prime factors of 538600?
2, 5, 2693
What are the prime factors of 434424?
2, 3, 23, 787
List the prime factors of 16362742.
2, 11, 701, 1061
What are the prime factors of 23456039?
17, 37, 89, 419
What are the prime factors of 1465913?
43, 73, 467
List the prime factors of 7331370.
2, 3, 5, 244379
List the prime factors of 2937149.
29, 101281
List the prime factors of 6210071.
7, 887153
List the prime factors of 266019.
3, 13, 19, 359
What are the prime factors of 1314622?
2, 657311
List the prime factors of 89244.
2, 3, 37, 67
What are the prime factors of 6340896?
2, 3, 41, 179
What are the prime factors of 1169612?
2, 269, 1087
What are the prime factors of 227089?
227089
What are the prime factors of 3624463?
3624463
List the prime factors of 10677660.
2, 3, 5, 7, 25423
List the prime factors of 569822.
2, 11, 59, 439
What are the prime factors of 3302835?
3, 5, 220189
List the prime factors of 542899.
7, 77557
List the prime factors of 5515649.
5515649
What are the prime factors of 1393136?
2, 87071
List the prime factors of 13584595.
5, 443, 6133
List the prime factors of 5738467.
7, 819781
What are the prime factors of 75454?
2, 31, 1217
List the prime factors of 2028976.
2, 211, 601
List the prime factors of 1588646.
2, 293, 2711
List the prime factors of 15514778.
2, 17, 71, 6427
List the prime factors of 27657615.
3, 5, 23, 80167
List the prime factors of 1087914.
2, 3, 31, 5849
What are the prime factors of 1867623?
3, 23, 27067
List the prime factors of 2532190.
2, 5, 181, 1399
What are the prime factors of 2429106?
2, 3, 404851
List the prime factors of 8448404.
2, 83, 25447
List the prime factors of 659550.
2, 3, 5, 4397
List the prime factors of 6064803.
3, 61, 11047
List the prime factors of 340238.
2, 17, 10007
List the prime factors of 211805.
5, 11, 3851
What are the prime factors of 2257869?
3, 97, 7759
List the prime factors of 699091.
17, 41, 59
What are the prime factors of 362364?
2, 3, 30197
What are the prime factors of 59850?
2, 3, 5, 7, 19
List the prime factors of 112556.
2, 19, 1481
List the prime factors of 774793.
29, 26717
List the prime factors of 133486.
2, 31, 2153
List the prime factors of 607470.
2, 3, 5, 20249
List the prime factors of 20444706.
2, 3, 397, 2861
List the prime factors of 7305990.
2, 3, 5, 243533
What are the prime factors of 33735?
3, 5, 13, 173
List the prime factors of 1394700.
2, 3, 5, 4649
What are the prime factors of 451101?
3, 7, 21481
What are the prime factors of 17086977?
3, 632851
What are the prime factors of 209853?
3, 7, 3331
What are the prime factors of 73351?
73351
List the prime factors of 5669885.
5, 13, 19, 4591
List the prime factors of 237265.
5, 7, 6779
What are the prime factors of 32393237?
32393237
List the prime factors of 5316559.
137, 151, 257
List the prime factors of 7432692.
2, 3, 619391
What are the prime factors of 564898?
2, 41, 83
What are the prime factors of 293058?
2, 3, 67
List the prime factors of 34196.
2, 83, 103
List the prime factors of 8676946.
2, 557, 7789
List the prime factors of 142519.
13, 19, 577
List the prime factors of 29404.
2, 7351
List the prime factors of 9471.
3, 7, 11, 41
List the prime factors of 485662.
2, 37, 6563
List the prime factors of 122257.
179, 683
What are the prime factors of 111594?
2, 3, 7, 2657
What are the prime factors of 372047?
13, 28619
List the prime factors of 170507.
167, 1021
What are the prime factors of 877787?
157, 5591
What are the prime factors of 6673904?
2, 417119
What are the prime factors of 6175276?
2, 1543819
List the prime factors of 6222744.
2, 3, 11, 97
List the prime factors of 1667405.
5, 37, 9013
List the prime factors of 8841829.
103, 85843
List the prime factors of 44000.
2, 5, 11
List the prime factors of 361895.
5, 72379
List the prime factors of 1880195.
5, 376039
List the prime factors of 107652.
2, 3, 8971
What are the prime factors of 183782?
2, 43, 2137
What are the prime factors of 8133057?
3, 903673
What are the prime factors of 681260?
2, 5, 23, 1481
List the prime factors of 3319391.
3319391
List the prime factors of 21983905.
5, 4396781
List the prime factors of 231464.
2, 28933
What are the prime factors of 3947081?
523, 7547
List the prime factors of 9521054.
2, 17, 280031
List the prime factors of 30817588.
2, 59, 67, 1949
List the prime factors of 1231615.
5, 7, 11, 457
What are the prime factors of 838966?
2, 419483
What are the prime factors of 1374690?
2, 3, 5, 45823
List the prime factors of 1548843.
3, 23, 22447
List the prime factors of 40358152.
2, 5044769
What are the prime factors of 3467332?
2, 11, 78803
What are the prime factors of 29994108?
2, 3, 2499509
What are the prime factors of 3839447?
997, 3851
What are the prime factors of 96172?
2, 24043
List the prime factors of 664217.
23, 28879
List the prime factors of 175656.
2, 3, 13, 563
What are the prime factors of 1031681?
7, 19, 7757
What are the prime factors of 125984?
2, 31, 127
List the prime factors of 125896.
2, 15737
List the prime factors of 25308648.
2, 3, 17, 23, 29, 31
List the prime factors of 182334.
2, 3, 30389
What are the prime factors of 1922401?
13, 19, 43, 181
What are the prime factors of 8222770?
2, 5, 822277
List the prime factors of 5686626.
2, 3, 11, 86161
What are the prime factors of 127707?
3, 42569
What are the prime factors of 1912637?
29, 101, 653
List the prime factors of 696852.
2, 3, 13, 1489
What are the prime factors of 3674740?
2, 5, 31, 5927
What are the prime factors of 9754818?
2, 3, 1625803
List the prime factors of 1819164.
2, 3, 151597
List the prime factors of 799625.
5, 6397
List the prime factors of 528116.
2, 31, 4259
List the prime factors of 68090.
2, 5, 11, 619
List the prime factors of 229580.
2, 5, 13, 883
List the prime factors of 7493823.
3, 277549
List the prime factors of 11579155.
5, 7, 47, 7039
List the prime factors of 1787403.
3, 595801
List the prime factors of 425729.
293, 1453
List the prime factors of 8043873.
3, 17, 109, 1447
What are the prime factors of 55429?
11, 5039
What are the prime factors of 175730?
2, 5, 17573
List the prime factors of 952769.
109, 8741
What are the prime factors of 925352?
2, 103, 1123
List the prime factors of 4424001.
3, 131, 11257
List the prime factors of 486881.
29, 103, 163
List the prime factors of 585906.
2, 3, 97651
What are the prime factors of 12654216?
2, 3, 175753
List the prime factors of 7352675.
5, 11, 26737
List the prime factors of 255584.
2, 7, 163
List the prime factors of 481091.
13, 23, 1609
List the prime factors of 558911.
457, 1223
List the prime factors of 13532452.
2, 3383113
What are the prime factors of 2415114?
2, 3, 13, 10321
What are the prime factors of 13620316?
2, 3405079
What are the prime factors of 1630080?
2, 3, 5, 283
List the prime factors of 27501145.
5, 7, 367, 2141
List the prime factors of 818932.
2, 204733
List the prime factors of 11865.
3, 5, 7, 113
List the prime factors of 23666713.
7, 149, 22691
What are the prime factors of 2970286?
2, 11, 37, 41, 89
What are the prime factors of 797637?
3, 47, 5657
List the prime factors of 1501140.
2, 3, 5, 127, 197
What are the prime factors of 199507?
7, 11, 2591
What are the prime factors of 19916363?
113, 337, 523
List the prime factors of 5176623.
3, 1725541
What are the prime factors of 10372841?
19, 545939
List the prime factors of 2971381.
7, 31, 13693
What are the prime factors of 1670269?
1670269
What are the prime factors of 2546103?
3, 7, 263, 461
List the prime factors of 16032686.
2, 8016343
List the prime factors of 77637.
3, 7, 3697
List the prime factors of 1673089.
11, 17, 23, 389
What are the prime factors of 2778354?
2, 3, 23, 2237
What are the prime factors of 4778136?
2, 3, 11, 2011
What are the prime factors of 6885844?
2, 7, 31, 7933
What are the prime factors of 1190836?
2, 463, 643
List the prime factors of 280431.
3, 31159
What are the prime factors of 5605251?
3, 